90?
False
Does 23 divide 1150?
True
Is 915 a multiple of 15?
True
Is 20093 a multiple of 13?
False
Is 889 a multiple of 11?
False
Is 6591 a multiple of 169?
True
Is 42994 a multiple of 16?
False
Is 20 a factor of 12520?
True
Is 31 a factor of 1039?
False
Does 13 divide 50807?
False
Is 3001 a multiple of 88?
False
Is 17 a factor of 98702?
True
Is 31460 a multiple of 44?
True
Does 14 divide 20786?
False
Is 29 a factor of 145?
True
Does 86 divide 14792?
True
Is 24 a factor of 2016?
True
Is 3 a factor of 9?
True
Is 83 a factor of 1014?
False
Is 8027 a multiple of 162?
False
Is 2262 a multiple of 21?
False
Does 53 divide 954?
True
Does 5 divide 755?
True
Does 9 divide 24817?
False
Is 435 a multiple of 5?
True
Is 97 a factor of 3895?
False
Is 11 a factor of 2248?
False
Is 35975 a multiple of 19?
False
Is 19 a factor of 2381?
False
Does 8 divide 379?
False
Is 1177 a multiple of 25?
False
Is 119 a factor of 2752?
False
Is 43 a factor of 67736?
False
Does 7 divide 7308?
True
Does 41 divide 6815?
False
Is 54 a factor of 2264?
False
Is 490 a multiple of 9?
False
Does 3 divide 1455?
True
Does 35 divide 4445?
True
Is 170 a factor of 12580?
True
Is 222 a multiple of 6?
True
Does 17 divide 146?
False
Is 86 a factor of 4214?
True
Does 84 divide 168?
True
Is 1712 a multiple of 16?
True
Is 8 a factor of 61656?
True
Does 11 divide 649?
True
Is 1681 a multiple of 28?
False
Does 14 divide 41047?
False
Is 393 a multiple of 8?
False
Is 207 a multiple of 3?
True
Is 29 a factor of 2699?
False
Is 50 a factor of 19600?
True
Does 35 divide 4760?
True
Does 4 divide 273?
False
Is 36594 a multiple of 18?
True
Is 487 a multiple of 6?
False
Is 3 a factor of 930?
True
Does 13 divide 1482?
True
Does 4 divide 4678?
False
Is 18 a factor of 27054?
True
Does 58 divide 15429?
False
Is 45 a factor of 7554?
False
Is 9999 a multiple of 11?
True
Is 700 a multiple of 14?
True
Is 1455 a multiple of 5?
True
Is 177 a factor of 8659?
False
Is 8 a factor of 296?
True
Is 728 a multiple of 56?
True
Is 26 a factor of 28514?
False
Is 12669 a multiple of 3?
True
Is 24 a factor of 6480?
True
Does 8 divide 125?
False
Is 54 a multiple of 2?
True
Is 79 a factor of 2795?
False
Does 22 divide 198?
True
Is 56 a factor of 3560?
False
Is 20 a factor of 20165?
False
Does 100 divide 9900?
True
Does 13 divide 1357?
False
Is 8742 a multiple of 80?
False
Is 43 a factor of 20769?
True
Does 2 divide 7?
False
Is 54 a factor of 1836?
True
Does 4 divide 101?
False
Is 336 a multiple of 32?
False
Is 20052 a multiple of 9?
True
Is 10 a factor of 5370?
True
Is 9 a factor of 351?
True
Is 52751 a multiple of 29?
True
Is 608 a multiple of 36?
False
Is 68303 a multiple of 21?
False
Is 113 a multiple of 55?
False
Is 30625 a multiple of 31?
False
Is 9464 a multiple of 52?
True
Is 3840 a multiple of 16?
True
Is 5 a factor of 160?
True
Does 72 divide 8424?
True
Is 132 a multiple of 23?
False
Does 9 divide 12537?
True
Is 3379 a multiple of 31?
True
Does 11 divide 55?
True
Is 55 a multiple of 3?
False
Is 4 a factor of 282?
False
Is 1280 a multiple of 32?
True
Is 5 a factor of 1085?
True
Is 85 a factor of 35105?
True
Is 17 a factor of 9316?
True
Is 2911 a multiple of 136?
False
Does 26 divide 9887?
False
Does 23 divide 1012?
True
Is 900 a multiple of 9?
True
Is 31968 a multiple of 72?
True
Does 42 divide 957?
False
Is 3760 a multiple of 16?
True
Does 16 divide 4061?
False
Does 8 divide 3194?
False
Does 238 divide 74970?
True
Is 53106 a multiple of 159?
True
Is 24 a factor of 1152?
True
Is 4485 a multiple of 49?
False
Is 9493 a multiple of 31?
False
Does 13 divide 66456?
True
Is 72 a multiple of 8?
True
Is 49 a factor of 2842?
True
Is 85 a factor of 3963?
False
Is 63 a factor of 3213?
True
Is 25016 a multiple of 59?
True
Is 38097 a multiple of 51?
True
Is 9 a factor of 18279?
True
Does 10 divide 26460?
True
Is 627 a multiple of 33?
True
Does 65 divide 1885?
True
Does 6 divide 1002?
True
Is 53 a factor of 155913?
False
Is 3957 a multiple of 163?
False
Is 5240 a multiple of 14?
False
Is 78 a factor of 4758?
True
Does 35 divide 240?
False
Does 98 divide 1863?
False
Is 81765 a multiple of 115?
True
Does 15 divide 1020?
True
Does 26 divide 1552?
False
Is 4 a factor of 18672?
True
Is 924 a multiple of 10?
False
Does 7 divide 6585?
False
Does 63 divide 7812?
True
Is 11 a factor of 18106?
True
Is 9 a multiple of 3?
True
Is 18 a factor of 4039?
False
Is 862 a multiple of 17?
False
Does 13 divide 66733?
False
Is 5712 a multiple of 136?
True
Is 12 a factor of 43872?
True
Is 1146 a multiple of 50?
False
Does 75 divide 3975?
True
Is 44 a factor of 35904?
True
Is 47 a factor of 98928?
False
Is 13 a factor of 1352?
True
Does 55 divide 21945?
True
Is 46 a factor of 10115?
False
Is 181 a factor of 22441?
False
Is 2 a factor of 182?
True
Is 21398 a multiple of 26?
True
Is 7600 a multiple of 80?
True
Is 17 a factor of 1853?
True
Is 47 a factor of 6700?
False
Is 2205 a multiple of 15?
True
Is 1465 a multiple of 7?
False
Is 116 a factor of 4017?
False
Is 1299 a multiple of 27?
False
Is 50040 a multiple of 12?
True
Is 57 a factor of 1330?
False
Is 10560 a multiple of 160?
True
Is 22 a factor of 12870?
True
Is 1014 a multiple of 26?
True
Is 3 a factor of 1054?
False
Is 2 a factor of 6733?
False
Is 15 a factor of 1774?
False
Is 672 a multiple of 14?
True
Does 76 divide 57399?
False
Is 6708 a multiple of 26?
True
Does 18 divide 556?
False
Is 2825 a multiple of 25?
True
Does 4 divide 217?
False
Does 8 divide 1728?
True
Does 46 divide 641?
False
Is 9 a factor of 346?
False
Is 33 a factor of 20856?
True
Is 3121 a multiple of 12?
False
Is 18 a factor of 3455?
False
Does 8 divide 7065?
False
Is 605 a multiple of 3?
False
Does 23 divide 644?
True
Is 2793 a multiple of 7?
True
Does 6 divide 5172?
True
Is 51 a factor of 1683?
True
Is 756 a multiple of 21?
True
Does 8 divide 8664?
True
Is 483 a multiple of 3?
True
Does 30 divide 600?
True
Is 1380 a multiple of 60?
True
Is 4495 a multiple of 2?
False
Is 23674 a multiple of 9?
False
Is 3969 a multiple of 27?
True
Is 1372 a multiple of 28?
True
Is 20230 a multiple of 14?
True
Is 67 a factor of 315?
False
Is 809 a multiple of 3?
False
Is 47 a factor of 2632?
True
Is 6 a factor of 70808?
False
Is 141182 a multiple of 13?
False
Does 291 divide 61110?
True
Does 9 divide 27?
True
Is 52173 a multiple of 153?
True
Does 10 divide 54910?
True
Is 126 a multiple of 9?
True
Does 31 divide 1519?
True
Does 51 divide 1326?
True
Is 632 a multiple of 8?
True
Is 3158 a multiple of 15?
False
Does 36 divide 10834?
False
Does 19 divide 25366?
False
Is 56 a factor of 7392?
True
Does 115 divide 4436?
False
Is 236 a multiple of 3?
False
Is 101268 a multiple of 194?
True
Is 409 a multiple of 6?
False
Is 159265 a multiple of 53?
True
Is 8 a factor of 6680?
True
Is 22 a multiple of 11?
True
Does 107 divide 8649?
False
Is 89 a multiple of 6?
False
Is 22 a factor of 132?
True
Does 13 divide 520?
True
Is 48 a multiple of 3?
True
Does 84 divide 14439?
False
Does 31 divide 2170?
True
Does 205 divide 6765?
True
Is 3553 a multiple of 19?
True
Is 20439 a multiple of 63?
False
Is 951 a multiple of 131?
False
Does 49 divide 222?
False
Is 93 a factor of 279?
True
Is 41 a factor of 369?
True
Is 4756 a multiple of 41?
True
Is 80 a factor of 3291?
False
Is 1146 a multiple of 14?
False
Is 153 a multiple of 4?
False
Is 20 a factor of 880?
True
Does 17 divide 20740?
True
Does 163 divide 28527?
False
Is 1465 a multiple of 16?
False
Is 1120 a multiple of 112?
True
Is 20160 a multiple of 14?
True
Does 18 divide 4653?
False
Does 141 divide 1296?
False
Is 6156 a multiple of 171?
True
Is 704 a multiple of 44?
True
Does 55 divide 7920?
True
Is 1380 a multiple of 46?
True
Is 53 a factor of 53?
True
Does 62 divide 3246?
False
Does 7 divide 14659?
False
Is 135 a factor of 42525?
True
Is 6424 a multiple of 11?
True
Is 12 a factor of 8413?
False
Is 17 a factor of 2142?
True
Is 29 a factor of 12064?
True
Is 368 a multiple of 194?
False
Is 654 a multiple of 6?
True
Does 8 divide 2987?
False
Does 51 divide 8727?
False
Does 44 divide 2596?
True
Does 241 divide 21690?
True
Is 36 a factor of 683?
False
Is 17 a factor of 612?
True
Does 16 divide 1472?
True
Is 18 a factor of 3618?
True
Is 142 even?
True
Does 15 divide 675?
True
Does 28 divide 1876?
True
Is 40 a factor of 2783